rd derivative of -13*y**7/2520 + y**6/360 - 2*y**5/5 + 3*y**2. Let z(a) be the third derivative of x(a). What are the prime factors of z(-4)?
2, 53
Let i = 1043 + 4219. List the prime factors of i.
2, 3, 877
Suppose 6*n - 32867 = -5051. Suppose 2*i = 0, -7*f - 5*i + n = -3*f. What are the prime factors of f?
19, 61
Let m = -8 + 83. Suppose 5*r = 2*c + 15, 2*r - 3*r = -4*c - m. What are the prime factors of (136/(-20) + 5 + -3)*c?
2, 3
Let m(c) = c**2 + 5*c + 6. Let t be m(-2). Suppose 7*u - 15*u + 1096 = t. List the prime factors of u.
137
Let r(s) = 342*s**2 + 115*s + 593. What are the prime factors of r(-5)?
2, 3, 7, 17
What are the prime factors of ((-1035)/675 + 14/6)*(-217870)/(-4)?
2, 21787
Suppose 2168*q - m - 76787 = 2167*q, -4*m - 153588 = -2*q. What are the prime factors of q?
2, 5, 11, 349
Let d(s) = 59*s + 38 + 2*s**3 - 2*s**3 + 35*s**2 - 2*s**3 + 3*s**3. List the prime factors of d(-33).
269
Let f(d) = -2*d - 3. Let i be f(-3). Suppose l = -5*x + 17, 4*l - l = -i*x + 15. Suppose 139 = x*a - 2*a. List the prime factors of a.
139
Let m(g) = 322*g**3 + 5*g**2 - 13*g + 17. List the prime factors of m(6).
7, 37, 269
List the prime factors of 14/49 - 74/14 - 1159/(-1).
2, 577
Let d be -2 - 12/(-3) - 41. What are the prime factors of 229 - -1 - (d - -38)?
3, 7, 11
Suppose 0 = j - 4*j + 60. Suppose 4*i + j = 5*o, 25 = 4*i - 9*i. Suppose o = u + 5*z - 3*z - 51, 4*u - 208 = -4*z. List the prime factors of u.
53
Let r = -464 + 426. Let i(o) = o**2 + 29*o + 46. What are the prime factors of i(r)?
2, 97
Let a be (6/15)/((-1)/(-20)). Let h(n) = -12*n - 13*n - 12 + a*n - n. List the prime factors of h(-10).
2, 3, 7
Let q = -57 - -27. Let j = 35 + q. Suppose j*m - 350 = 2*k, 0 = -6*k + 4*k. What are the prime factors of m?
2, 5, 7
Let l(g) = 218*g**2 - 22*g - 63. What are the prime factors of l(7)?
5, 7, 13, 23
What are the prime factors of 366476/(-6)*198/(-132)?
11, 8329
Let z(k) = 72*k**2 - 71*k + 423. What are the prime factors of z(7)?
2, 11, 157
Let g = 56516 + -34075. What are the prime factors of g?
22441
Suppose -h - 2*n = 4*h - 19, 5*n - 1 = 3*h. Let u = 1158 + -1158. Suppose 0 = -h*s + f + 134, -4*f + u*f - 122 = -3*s. What are the prime factors of s?
2, 23
Let l be -5 + (-41 - 0)/(15/(-705)). Let x = -1221 + l. What are the prime factors of x?
701
Let y(q) = 15*q + 4 + 1 - 6. Suppose 0 = 3*x + 2*x - 25. List the prime factors of y(x).
2, 37
Let c be (-129)/86*(-16)/6. Suppose 126 = 2*n - c*f, -2*n = -f - f - 122. List the prime factors of n.
59
Let w be (-4)/(-10) + (-21184)/160. List the prime factors of (-17)/(-3 + (-390)/w).
2, 11, 17
Suppose -4*k = i - 4, 2*i = -0*i - 4*k + 4. Suppose i = 11*r - 1610 - 645. List the prime factors of r.
5, 41
Suppose 169*a - 379139 = 1209630. List the prime factors of a.
7, 17, 79
Let d = 5783 - -1334. List the prime factors of d.
11, 647
Let t(s) = s**3 + 6*s**2 + 8*s + 3. Let h be t(-5). Let r = -15 - h. List the prime factors of ((-124)/(-3))/((-1)/r).
2, 31
Suppose 15*j + 87721 - 89170 = 183366. What are the prime factors of j?
3, 37
Let a = 12 + -49. Let v = a + 59. List the prime factors of 6/33 - (-1)/(v/3758).
3, 19
List the prime factors of (1 + -2 + -173)*-118*(-6)/(-24).
3, 29, 59
Let u = -7829 - -11075. Suppose 11*n = 5*n + u. What are the prime factors of n?
541
Suppose 2*y = 462 + 5214. Suppose a = -5*a + y. Suppose -88 = -3*q + a. List the prime factors of q.
11, 17
Let z = 142 + -147. Let p(c) = -9*c**2 + 16*c - 41. Let n(q) = 10*q**2 - 17*q + 40. Let s(w) = z*n(w) - 6*p(w). List the prime factors of s(7).
3, 5, 11
Suppose -2*q = -5*h + 5029, 2006 = 4*h - 2*h + 2*q. What are the prime factors of h?
3, 5, 67
Let w(s) = -13*s. Let p be w(1). Let q = 13 + p. Suppose -o + q*o + 64 = 0. What are the prime factors of o?
2
Let w = 73 - 73. Suppose 25*h - 22*h - 468 = w. List the prime factors of h.
2, 3, 13
Let r(d) be the second derivative of -2*d**3/3 + 6*d**2 - 19*d. Let j be r(3). Suppose p + 5*p - 72 = j. What are the prime factors of p?
2, 3
Let o be ((-4)/14)/((-9)/126). Let h(g) = -2*g**2 - 10*g + 7. Let i be h(-10). List the prime factors of i*(o/(-3) - -1).
31
Suppose 6*u - 2*u - 5*x = 221, 4*u = -3*x + 245. Let n = u + -69. Let d = 236 - n. List the prime factors of d.
2, 3, 41
Let q = 9935 + -3734. List the prime factors of q.
3, 13, 53
Let i(r) = -5*r - 35. Let g be i(-9). Suppose g*u + 56 = 2*u. Let p(t) = 2*t**2 - 4*t - 9. List the prime factors of p(u).
3, 13
Let f = 15 - 10. Suppose -f*y - 1 = -3*k - 12, -y = 2*k - 10. Suppose -t - 4*a + 57 = 0, -t + y*a + 94 = -3. List the prime factors of t.
7, 11
Let k = 570 - -3744. List the prime factors of k.
2, 3, 719
Let t = -12016 + 41146. List the prime factors of t.
2, 3, 5, 971
Suppose 0 = 21225*b - 21220*b - 39165. What are the prime factors of b?
3, 7, 373
Suppose -s = 566*a - 567*a - 8121, 2*s = 4*a + 16242. List the prime factors of s.
3, 2707
Suppose 31*z = -30*z + 29*z + 726656. What are the prime factors of z?
2, 7, 811
What are the prime factors of (9215/(-4) - 6)/((-1)/4)?
9239
Let g(o) be the third derivative of -o**6/60 + o**5/20 + o**4/12 + o**3/3 + 31*o**2. Let i be g(-2). Suppose 222 = i*s - 24*s. List the prime factors of s.
3, 37
Suppose -1171606 - 5949855 = -100*b - 1746761. What are the prime factors of b?
71, 757
Let o(l) = -2*l**3 + 3*l**2 + 5*l + 10. Let u be o(-6). Let w = u - 230. List the prime factors of w.
2, 5, 29
Let d be ((-1562)/(-497))/((-2)/(-7)). Let i = d + 124. What are the prime factors of i?
3, 5
Suppose 4*y - 19 = 5. Suppose -r + 179 = -2*b, 5*r + 5*b = y*b + 868. What are the prime factors of r?
173
What are the prime factors of 7166*((-18)/(-2) + 5 - 7)?
2, 7, 3583
Let a(o) = o**3 + 0*o + 6*o - 10*o**2 + 20*o**2 - 13. What are the prime factors of a(6)?
599
Let m be (2 - (-36)/(-15))/(6/(-270)). Let v be (-2 + 712/(-6))/((-6)/m). Suppose -2*w = 2*t + t - v, -5*w = -t + 149. What are the prime factors of t?
2, 31
Suppose 4*i = 5*i - 12. Let o(s) = -5 - 7*s**2 + 2*s**2 + 3*s**3 - 2*s**3 + 18 - i*s. What are the prime factors of o(8)?
109
Suppose 3*o = -5*z + 3985, 12*z - 14*z - 3*o + 1603 = 0. Suppose z = 4*a - 1350. List the prime factors of a.
2, 67
Let l = 77 - 221. Let x = l + 561. List the prime factors of x.
3, 139
Let k be (-287)/(-1) - (-10 - (10 + -16)). Let y = k + 5. What are the prime factors of y?
2, 37
Let x(y) be the first derivative of y**4/4 - 7*y**2 + 33*y - 227. List the prime factors of x(6).
3, 5, 11
Suppose 7*o - 2*w - 137808 = 0, 63*o - 5*w = 58*o + 98445. What are the prime factors of o?
2, 3, 17, 193
Suppose 3*o + 3*y - 68307 = 0, -4*o - 93*y + 91041 = -96*y. List the prime factors of o.
2, 3, 7, 271
Suppose 95*z = 118*z - 644. Suppose 0 = 3*u - 2*w - 4 - 2, -5*u = -3*w - 11. Suppose -u*g - z = -88. What are the prime factors of g?
3, 5
Let w = -104 - -293. Let t = -69 + w. Suppose -16*i = -6*i - t. What are the prime factors of i?
2, 3
Suppose 72*f = 962173 + 453491. What are the prime factors of f?
2, 3, 29, 113
Suppose -2*f = 2*c - 5*f - 833, 0 = -3*c - 2*f + 1243. Let r = c + -219. List the prime factors of r.
2, 7
Let f(n) = n**3 + 24*n**2 + 8*n + 11. Let g be f(-23). Let a = 678 - g. List the prime factors of a.
2, 7, 23
Suppose -q - 130 - 39 = 0. List the prime factors of q/((-2)/(-18) - 16/36).
3, 13
Suppose -322919 + 96743 = -152*x. List the prime factors of x.
2, 3, 31
Let b(x) = -14*x + 400. Let r be b(30). Let i(l) = -l**2 - l + 34. Let a be i(0). Let s = r + a. What are the prime factors of s?
2, 7
Let g(z) be the third derivative of -z**4/8 - 2*z**3/3 + 16*z**2. Let p be g(-2). Suppose p*s = -3*s + 265. What are the prime factors of s?
53
Suppose 43*k - 58*k = 26*k - 3167209. List the prime factors of k.
77249
Suppose -3*b + 4*c = -b + 86, 55 = -b + 5*c. Let w = -32 - b. Suppose -31 = -w*a + 41. What are the prime factors of a?
2, 3
Let c(d) = 13*d**2 - 11*d - 41. Let i be c(-3). Let a = 291 - i. What are the prime factors of a?
2, 7, 13
Suppose -7*f + 294 = -2*f - 4*q, -5*f + 3*q = -293. Let t be 12 - (-2 - -6) - 132. Let m = f - t. What are the prime factors of m?
2, 7, 13
Let h = 11688 + -10371. List the prime factors of h.
3, 439
List the prime factors of 387484/8 + 1 + 710/(-284).
2, 61, 397
Suppose -7*b + 3956 = -2449. Suppose -3*p + b = 210